{"id":129,"date":"2019-04-04T13:31:27","date_gmt":"2019-04-04T11:31:27","guid":{"rendered":"http:\/\/abwasser-reinigung.com\/?page_id=129"},"modified":"2024-07-03T17:11:05","modified_gmt":"2024-07-03T15:11:05","slug":"anwendungsbereiche","status":"publish","type":"page","link":"http:\/\/abwasser-reinigung.com\/?page_id=129","title":{"rendered":"Anwendungsbereiche"},"content":{"rendered":"\n<p>Unsere Produkte wirken zuverl\u00e4ssig in:<\/p>\n\n\n\n<ul class=\"wp-block-list\"><li>Kleinkl\u00e4ranlagen,<\/li><li>Kl\u00e4ranlagen (aerob, anaerob),<\/li><li>Fault\u00fcrmen und Biogasanlagen,<\/li><li>Misch\u2013 und Ausgleichsbecken,<\/li><li>Kanalsystemen,<\/li><li>Abfl\u00fcssen und Rohrleitungen,<\/li><li>Fettabscheidern,<\/li><li>Sickergruben und Sammelbecken,<\/li><li>Schilfbeeten und Sch\u00f6nungsteichen.<\/li><\/ul>\n","protected":false},"excerpt":{"rendered":"<p>Unsere Produkte wirken zuverl\u00e4ssig in: Kleinkl\u00e4ranlagen, Kl\u00e4ranlagen (aerob, anaerob), Fault\u00fcrmen und Biogasanlagen, Misch\u2013 und Ausgleichsbecken, Kanalsystemen, Abfl\u00fcssen und Rohrleitungen, Fettabscheidern, Sickergruben und Sammelbecken, Schilfbeeten und Sch\u00f6nungsteichen.<\/p>\n","protected":false},"author":1,"featured_media":0,"parent":0,"menu_order":3,"comment_status":"closed","ping_status":"closed","template":"","meta":{"footnotes":""},"class_list":["post-129","page","type-page","status-publish","hentry"],"_links":{"self":[{"href":"http:\/\/abwasser-reinigung.com\/index.php?rest_route=\/wp\/v2\/pages\/129","targetHints":{"allow":["GET"]}}],"collection":[{"href":"http:\/\/abwasser-reinigung.com\/index.php?rest_route=\/wp\/v2\/pages"}],"about":[{"href":"http:\/\/abwasser-reinigung.com\/index.php?rest_route=\/wp\/v2\/types\/page"}],"author":[{"embeddable":true,"href":"http:\/\/abwasser-reinigung.com\/index.php?rest_route=\/wp\/v2\/users\/1"}],"replies":[{"embeddable":true,"href":"http:\/\/abwasser-reinigung.com\/index.php?rest_route=%2Fwp%2Fv2%2Fcomments&post=129"}],"version-history":[{"count":7,"href":"http:\/\/abwasser-reinigung.com\/index.php?rest_route=\/wp\/v2\/pages\/129\/revisions"}],"predecessor-version":[{"id":190,"href":"http:\/\/abwasser-reinigung.com\/index.php?rest_route=\/wp\/v2\/pages\/129\/revisions\/190"}],"wp:attachment":[{"href":"http:\/\/abwasser-reinigung.com\/index.php?rest_route=%2Fwp%2Fv2%2Fmedia&parent=129"}],"curies":[{"name":"wp","href":"https:\/\/api.w.org\/{rel}","templated":true}]}}