{"id":28,"date":"2019-04-03T12:24:40","date_gmt":"2019-04-03T10:24:40","guid":{"rendered":"http:\/\/abwasser-reinigung.com\/?page_id=28"},"modified":"2024-07-03T17:10:37","modified_gmt":"2024-07-03T15:10:37","slug":"atres-exodeur","status":"publish","type":"page","link":"http:\/\/abwasser-reinigung.com\/?page_id=28","title":{"rendered":"EXodeur &#8211; mikrobiologische Kraftwerke."},"content":{"rendered":"\n<p>Fl\u00fcssige Formulierungen reaktiver Mikroorganismenkulturen f\u00fcr den effektiven Abbau organischer Stoffe im Abwasser \u2013 auch unter sauerstoffarmen Bedingungen.<\/p>\n\n\n\n<p>Die Mikroorganismen werden nach strenger Auswahl industriell herangezogen\nund liegen im Produkt in Form von Sporen vor, die sich nach Dosierung in das\nAbwassersystem rasch adaptieren und sofort wirksam werden.<\/p>\n\n\n\n<p>Wirkung bei regelm\u00e4\u00dfiger Dosierung:<\/p>\n\n\n\n<ul class=\"wp-block-list\"><li>Bek\u00e4mpfen unangenehme Ger\u00fcche,<\/li><li>Verhindern die Bildung von Schwefelwasserstoff,<\/li><li>Bauen Verblockungen ab,<\/li><li>Verbessern die Ablaufwerte,<\/li><li>Stabilisieren die Prozesse,<\/li><li>Reduzieren den Wartungsaufwand.<\/li><\/ul>\n\n\n\n<p>Einsatzorte:<\/p>\n\n\n\n<ul class=\"wp-block-list\"><li>Kanalsysteme,<\/li><li>Pumpsch\u00e4chte,<\/li><li>Misch- und Ausgleichsbecken,<\/li><li>Septische Tanks,<\/li><li>Belebtschlammverfahren,<\/li><li>Fettabscheidersysteme,<\/li><li>Camping\/Wohnmobile,<\/li><li>Toilettenanlagen,<\/li><li>K\u00fcchen.<\/li><\/ul>\n\n\n\n<p>Die Produkte sind umweltfreundlich und anwenderfreundlich.<\/p>\n\n\n\n<p><br><\/p>\n","protected":false},"excerpt":{"rendered":"<p>Fl\u00fcssige Formulierungen reaktiver Mikroorganismenkulturen f\u00fcr den effektiven Abbau organischer Stoffe im Abwasser \u2013 auch unter sauerstoffarmen Bedingungen. Die Mikroorganismen werden nach strenger Auswahl industriell herangezogen und liegen im Produkt in Form von Sporen vor, die sich nach Dosierung in das Abwassersystem rasch adaptieren und sofort wirksam werden. Wirkung bei regelm\u00e4\u00dfiger Dosierung: Bek\u00e4mpfen unangenehme Ger\u00fcche, Verhindern &hellip; <a href=\"http:\/\/abwasser-reinigung.com\/?page_id=28\" class=\"more-link\"><span class=\"screen-reader-text\">\u201eEXodeur &#8211; mikrobiologische Kraftwerke.\u201c<\/span> weiterlesen<\/a><\/p>\n","protected":false},"author":1,"featured_media":0,"parent":131,"menu_order":1,"comment_status":"closed","ping_status":"closed","template":"","meta":{"footnotes":""},"class_list":["post-28","page","type-page","status-publish","hentry"],"_links":{"self":[{"href":"http:\/\/abwasser-reinigung.com\/index.php?rest_route=\/wp\/v2\/pages\/28","targetHints":{"allow":["GET"]}}],"collection":[{"href":"http:\/\/abwasser-reinigung.com\/index.php?rest_route=\/wp\/v2\/pages"}],"about":[{"href":"http:\/\/abwasser-reinigung.com\/index.php?rest_route=\/wp\/v2\/types\/page"}],"author":[{"embeddable":true,"href":"http:\/\/abwasser-reinigung.com\/index.php?rest_route=\/wp\/v2\/users\/1"}],"replies":[{"embeddable":true,"href":"http:\/\/abwasser-reinigung.com\/index.php?rest_route=%2Fwp%2Fv2%2Fcomments&post=28"}],"version-history":[{"count":14,"href":"http:\/\/abwasser-reinigung.com\/index.php?rest_route=\/wp\/v2\/pages\/28\/revisions"}],"predecessor-version":[{"id":228,"href":"http:\/\/abwasser-reinigung.com\/index.php?rest_route=\/wp\/v2\/pages\/28\/revisions\/228"}],"up":[{"embeddable":true,"href":"http:\/\/abwasser-reinigung.com\/index.php?rest_route=\/wp\/v2\/pages\/131"}],"wp:attachment":[{"href":"http:\/\/abwasser-reinigung.com\/index.php?rest_route=%2Fwp%2Fv2%2Fmedia&parent=28"}],"curies":[{"name":"wp","href":"https:\/\/api.w.org\/{rel}","templated":true}]}}